 What is the hundreds digit of m?
7
Suppose -5*z - 2172 = -4*s - z, -2*z - 2182 = -4*s. What is the tens digit of s?
4
Let g(k) = 2*k - 2 - k**2 - 4*k + k + 4. Let v be g(-5). What is the units digit of v/(-3) - 2 - -28?
2
Suppose -2*k + 1929 = -3*n, -4*n = -k - 154 + 1116. What is the units digit of k?
6
Suppose 7 = 4*o - 0*y + y, -2*o - 2*y = -8. What is the units digit of (-1*o)/(9/(-117))?
3
Let o(k) = -4*k**2 - 32*k - 30. Let u be o(-7). Let p(g) = 3*g - 6*g - 2*g. What is the units digit of p(u)?
0
Suppose -136 = b + 3*b. Let i = b + 47. Suppose -a + 4*z = 1 - i, 0 = -3*a + 5*z + 71. What is the units digit of a?
2
Let k(o) = 2*o**2 + 96*o + 100. What is the hundreds digit of k(-53)?
6
What is the thousands digit of (-23)/((-92)/(-5160))*(-16)/20?
1
Let p = -147 + 97. Let g = 95 + p. What is the units digit of g?
5
What is the units digit of 42/(-7) + -3 + 2364 - 4?
1
Suppose 5*s - 3*k - 46 = 0, 2*s - 13 = -3*k + 18. Let z = s - 19. Let u = 13 + z. What is the units digit of u?
5
Suppose -3*l + 17397 = 3*d, -7*d - l - 23211 = -11*d. What is the hundreds digit of d?
8
Suppose 20*k = 53108 + 18052. What is the units digit of k?
8
Suppose -2*f - 5*a + 7 + 8 = 0, f + 2*a - 7 = 0. Suppose -f*i - 53 = -3*d, 4*i - 3 = -7. What is the tens digit of (-8)/d + (-101)/(-2)?
5
Let g(p) = p**3 - 3*p**2 - 5*p + 6. Let z be g(4). Suppose -2*w - z = -6. Suppose 0*o + 110 = 2*s - 5*o, -o - w = 0. What is the tens digit of s?
5
Suppose -6*y + 33 = -81. Let z = 19 - y. What is the tens digit of z/(-4 - -3) - -44?
4
Let r be (6*584/6)/2. Let o = r + -160. What is the units digit of o?
2
Let d(h) = -5*h**3 - 3*h**2 + 4*h + 5. Let s be d(-4). Suppose s - 66 = -3*t. Let n = -46 - t. What is the tens digit of n?
1
Suppose 3*f + 20 = -f. Let q(n) = -14*n - 2. Let t be q(f). Let c = t - 43. What is the tens digit of c?
2
Let p(f) = 15*f**3 - 6*f**2 + f + 1. What is the tens digit of p(3)?
5
Let k(p) = 7*p**2 + 9*p + 15. What is the hundreds digit of k(-11)?
7
Let h be 11 + (-8)/(-3 + 1). Suppose 2*g - h = 39. What is the tens digit of g?
2
Let l be 165 + 2 + 0 + -18 + 21. Let c = -20 + l. What is the hundreds digit of c?
1
Let u(f) = 3*f - 17. Let i be u(7). Suppose -5*z + 9 = 2*j - 19, -i*j + 4*z = -84. What is the tens digit of j?
1
Let i be 4 + 3/(9/6). Let t(f) = i*f - 3*f + f - f - 12. What is the units digit of t(12)?
4
Suppose 0*h - 48 = 4*h. Let g be (h/3)/((-8)/(-12)). Let j(a) = a**2 + 2*a + 12. What is the units digit of j(g)?
6
What is the tens digit of 223*(-2)/(-18)*-3*-3?
2
Let y(h) = -h**2 + 9*h + 19. Let p be y(10). Let u = 32 - p. What is the tens digit of u?
2
Let j(h) = -h + 3. Let o be j(-3). Let l(v) be the third derivative of -v**6/120 + v**5/12 + v**4/4 + v**3/6 + 683*v**2. What is the units digit of l(o)?
1
Suppose -4*c + 70 = -106. What is the units digit of (-8 - 4/(-1)) + c?
0
Let t(a) = 2*a**2 - 53*a + 17. Suppose -2*c - 142 = -5*o, 0*c = -5*o + 5*c + 145. What is the hundreds digit of t(o)?
1
Suppose 29*u - 27*u = 4766. What is the units digit of u?
3
Let d(w) = 5*w - 12. Let n be d(5). Let c = n - 14. What is the tens digit of (c - -66)*(-6)/(-15)?
2
Let o = -1718 - -629. What is the tens digit of (-1 + 3)*o/(-22)?
9
Suppose 3*m - 22 = -a, -5*a + 3*m + 7 = -31. Let n(u) be the third derivative of -u**4/24 + 17*u**3/6 + 2*u**2. What is the units digit of n(a)?
7
Suppose 2*k + 0*k = 10, -2*r + 5*k = -727. What is the tens digit of r?
7
Suppose 0 = -3*b - 5*s + 44, -2*s + 50 = 2*b + b. Let m be 10/(-45) + 148/b. What is the units digit of 616/70 - m/10?
8
Suppose 2560 + 1169 = 11*g. What is the tens digit of g?
3
Let c(q) = q**3 - 4*q**2 - 5*q + 3. Let z be c(5). Suppose z*j + 4*v = 2*v + 56, -5*j - 3*v = -93. What is the units digit of j?
8
What is the thousands digit of -2*2*(-106155)/140?
3
Suppose 3*t + 270 = 3*w, 17 = -3*t + 2. Let y = 203 - w. What is the hundreds digit of y?
1
Suppose 0 = 4*f + 3*c - 2, -3*f = -7*f - 4*c. Suppose 0 = -0*x + f*x - 10. Suppose -x*l + 0*l = -15. What is the units digit of l?
3
Let z be (51/9)/((-3)/(-9)). Let t = z - 13. Suppose t*g + 32 - 140 = 0. What is the units digit of g?
7
Let p = 2149 + -824. What is the thousands digit of p?
1
Suppose 3*j - 15 = -2*j. Suppose 19 = w + d - 4, 125 = 5*w + j*d. What is the tens digit of (1 - w)*2/(-3)?
1
Let a be (0 - (434 - -2))*1/(-2). Suppose 6*l + 44 = a. What is the units digit of l?
9
What is the units digit of 22170/(-30)*(0 - 2 - -1)?
9
Let x be -3 + 80/5*-2. Let o = -42 - x. What is the tens digit of ((-58)/(-4))/(o/(-14))?
2
Let q be 6/27 + (-328)/18. Let r = -12 - q. What is the tens digit of (-6)/(((-9)/r)/3)?
1
Let l be -52 - -51 - 3/(6/8). What is the units digit of (l + 1062/12)/((-2)/(-4))?
7
Let y = 2031 + -158. What is the units digit of y?
3
Let d(y) = 3*y**2 + 2*y - 4. Let k be d(2). Let x = k - 7. What is the units digit of -3 - x/((-10)/98)?
6
Let n be (1/4*-5)/(1/(-84)). Suppose 0 = g, n = t - 3*g - 157. What is the hundreds digit of t?
2
Suppose 2223 = g + 2*r, -4*g + 2*r + 8862 = -0*r. What is the thousands digit of g?
2
Suppose -12 = 15*z - 18*z. Suppose -3*f = -2*m + 222, 3*m = z*f + 271 + 63. Suppose 0*b = -3*b + m. What is the units digit of b?
8
Let v be -5*(1 - 148/(-20)). Let z = v + 43. What is the units digit of z?
1
Let u(p) = 317*p**2 + 9*p + 3. What is the units digit of u(-2)?
3
Let i(k) = 2*k + 4. Let n(s) = s**2 - 9*s. Let d be n(11). Suppose -4*b = -g - 14, 5*g + 2*b - d = -b. What is the units digit of i(g)?
8
Let k(n) = -788*n - 752. What is the tens digit of k(-6)?
7
Let b be -15*((-16)/(-20) + 0). What is the units digit of 21/6*b/(-7)?
6
Suppose -w = -4*w + 3. Let n(k) = 4*k**2 - k - 3*k**2 - 14*k**3 - 2*k**3 - w. What is the units digit of n(-1)?
7
Suppose -12 = -4*q + 2*q. Suppose -2*s + 5*g + 46 = 0, g + 20 = s - q. Let a = 36 - s. What is the units digit of a?
8
Let w(a) = a + 27. What is the tens digit of w(-15)?
1
Suppose 0 = 6*g - 49 - 5153. What is the tens digit of g?
6
Suppose -4*i + 5*i = -8. Let y = 142 - i. What is the hundreds digit of y?
1
Let t = -232 - -1130. What is the hundreds digit of t?
8
Let h = 609 - -481. What is the units digit of h?
0
Let s = -533 - -1027. What is the units digit of s?
4
Suppose 2*z - 61 = 103. Suppose -3*j - 2*p = 79 + 57, 4*p = 2*j + 80. Let n = z + j. What is the tens digit of n?
3
Let o = 8725 - 3917. What is the tens digit of o?
0
Let h(f) = -5*f**2 - 16*f + 3. Let l(m) = -4*m**2 - 15*m + 3. Let u(j) = 5*h(j) - 6*l(j). Let t be 172/24 - (13/6 - 2). What is the units digit of u(t)?
8
Suppose -3*w = -t - 6, -2*t + 8 = -3*w + 7*w. Suppose -w*a + 647 = 91. What is the tens digit of a?
7
Suppose 4*l - 972 = -9*o + 4*o, 2*l = 5*o - 984. Suppose 6*m - 2*m = o. Suppose -3 + m = d. What is the units digit of d?
6
Let a = 18 + -13. Suppose 8 - 2 = 2*u, 13 = -f + a*u. Suppose -o - 14 = -5*o + f*l, 0 = -3*o - l + 18. What is the units digit of o?
5
Let p = 359 - 192. What is the tens digit of p?
6
Let v = -10 + 5. Let i(y) = 2*y**2 + 3*y - 16. What is the tens digit of i(v)?
1
Let k = 273 + -35. Let t = k - 86. What is the units digit of t?
2
Let z = 116 + -94. Suppose 0 = 14*p + z - 106. What is the units digit of p?
6
What is the tens digit of (-105000)/112*(-12)/10?
2
Let f(n) = 2*n + 7. Let z be f(-4). Let k be z + (-6)/(-2) - -1. What is the tens digit of -8*(-1 - (3 + k))?
5
Suppose -3*c = -4*q - 506, 3*q - 466 = -3*c - q. Let f = 294 - c. What is the tens digit of f?
3
Suppose -5*r + 2*i - 5*i + 19 = 0, 4 = -r + 2*i. Suppose 0 = -r*v + 11*v - 846. What is the units digit of v?
4
Let t be 19/(3 - 1 - 1). Suppose -1 = -r, -l - r = 4*l + t. What is the units digit of ((-126)/(-3))/((-3)/l)?
6
Let h be (-144)/30*((-235)/(-2) + 0). What is the hundreds digit of -3 + h/8*-2?
1
Let q(g) = g**2 - 3*g + 9. Let f = -18 - -13. What is the units digit of q(f)?
9
Let w = 7104 + -2786. What is the tens digit of w?
1
Let a = 221 - -57. What is the units digit of a?
8
Let m be (-4 + 24/5)*20. Suppose -2*w + 20 = m. Suppose w*h = -i + 3, 0 = 2*i + 2. What is the units digit of h?
2
Suppose -4*f = -80 + 8. Let w = f + 2. What is the tens digit of w?
2
Let k = -1103 + 1741. What is the units digit of k?
8
Let m = 2 + 51. Let z = m - 25. Let k = 47 - z. What is the tens digit of k?
1
Le